{"id":10224,"date":"2023-11-11T10:30:25","date_gmt":"2023-11-11T10:30:25","guid":{"rendered":"https:\/\/tehnikabacko.rs\/?post_type=product&#038;p=10224"},"modified":"2025-06-01T10:45:09","modified_gmt":"2025-06-01T10:45:09","slug":"elektricni-bicikl-22-glx-a-2-250w-48v-12ah","status":"publish","type":"product","link":"https:\/\/tehnikabacko.rs\/index.php\/product\/elektricni-bicikl-22-glx-a-2-250w-48v-12ah\/","title":{"rendered":"Elektri\u010dni bicikl 22&#8243; GLX-A-2 250W 48V\/12Ah"},"content":{"rendered":"<table>\n<tbody>\n<tr>\n<th>Vrsta e-bike:<\/th>\n<td>Teretni (Cargo e-bike)<\/td>\n<\/tr>\n<tr>\n<th>Obru\u010devi to\u010dkova:<\/th>\n<td>22\u201c ALU<\/td>\n<\/tr>\n<tr>\n<th>Sp. gume:<\/th>\n<td>22&#215;2.125 (457 mm)<\/td>\n<\/tr>\n<tr>\n<th>Baterija:<\/th>\n<td>Olovna 48V\/12Ah (4x12V\/12Ah)<\/td>\n<\/tr>\n<tr>\n<th>Snaga motora:<\/th>\n<td>250W<\/td>\n<\/tr>\n<tr>\n<th>Broj brzina:<\/th>\n<td>4 (elektronske)<\/td>\n<\/tr>\n<tr>\n<th>Max. brzina:<\/th>\n<td>25 km\/h<\/td>\n<\/tr>\n<tr>\n<th>Autonomija kretanja:<\/th>\n<td>Do 35km<\/td>\n<\/tr>\n<tr>\n<th>Nosivost:<\/th>\n<td>150 kg<\/td>\n<\/tr>\n<tr>\n<th>Me\u0111uosovinsko rastojanje:<\/th>\n<td>1160 mm<\/td>\n<\/tr>\n<tr>\n<th>Ko\u010dnice:<\/th>\n<td>Dobo\u0161<\/td>\n<\/tr>\n<tr>\n<th>Vreme punjenja:<\/th>\n<td>6 \u2013 8 h<\/td>\n<\/tr>\n<tr>\n<th>Alarm:<\/th>\n<td>Da<\/td>\n<\/tr>\n<tr>\n<th>Dodatna oprema:<\/th>\n<td>Prednje i zadnje svetlo, \u0161top svetlo, pokaziva\u010di pravca (\u017emigavci), retrovizori. Produ\u017eeno sedi\u0161te za dve osobe, bo\u010dne platforme za prtljag, nogari, prednji oslonci za noge, prednja korpa sa poklopcem, prednji amortizer, dva klju\u010da.<\/td>\n<\/tr>\n<tr>\n<th>Boja:<\/th>\n<td>plava<\/td>\n<\/tr>\n<tr>\n<th>Dimenzije proizvoda:<\/th>\n<td>1800 x 670 x 1270 mm<\/td>\n<\/tr>\n<tr>\n<th>Te\u017eina:<\/th>\n<td>70 kg<\/td>\n<\/tr>\n<\/tbody>\n<\/table>\n","protected":false},"excerpt":{"rendered":"<p>Vrsta e-bike: Teretni (Cargo e-bike) Obru\u010devi to\u010dkova: 22\u201c ALU Sp. gume: 22&#215;2.125 (457 mm) Baterija: Olovna 48V\/12Ah (4x12V\/12Ah) Snaga motora: 250W Broj brzina: 4 (elektronske) Max. brzina: 25 km\/h Autonomija kretanja: Do 35km Nosivost: 150 kg Me\u0111uosovinsko rastojanje: 1160 mm Ko\u010dnice: Dobo\u0161 Vreme punjenja: 6 \u2013 8 h Alarm: Da Dodatna oprema: Prednje i zadnje [&hellip;]<\/p>\n","protected":false},"featured_media":10215,"comment_status":"open","ping_status":"closed","template":"","meta":{"inline_featured_image":false},"product_brand":[],"product_cat":[333],"product_tag":[],"class_list":{"0":"post-10224","1":"product","2":"type-product","3":"status-publish","4":"has-post-thumbnail","6":"product_cat-bicikle","8":"first","9":"instock","10":"shipping-taxable","11":"purchasable","12":"product-type-simple"},"_links":{"self":[{"href":"https:\/\/tehnikabacko.rs\/index.php\/wp-json\/wp\/v2\/product\/10224","targetHints":{"allow":["GET"]}}],"collection":[{"href":"https:\/\/tehnikabacko.rs\/index.php\/wp-json\/wp\/v2\/product"}],"about":[{"href":"https:\/\/tehnikabacko.rs\/index.php\/wp-json\/wp\/v2\/types\/product"}],"replies":[{"embeddable":true,"href":"https:\/\/tehnikabacko.rs\/index.php\/wp-json\/wp\/v2\/comments?post=10224"}],"wp:featuredmedia":[{"embeddable":true,"href":"https:\/\/tehnikabacko.rs\/index.php\/wp-json\/wp\/v2\/media\/10215"}],"wp:attachment":[{"href":"https:\/\/tehnikabacko.rs\/index.php\/wp-json\/wp\/v2\/media?parent=10224"}],"wp:term":[{"taxonomy":"product_brand","embeddable":true,"href":"https:\/\/tehnikabacko.rs\/index.php\/wp-json\/wp\/v2\/product_brand?post=10224"},{"taxonomy":"product_cat","embeddable":true,"href":"https:\/\/tehnikabacko.rs\/index.php\/wp-json\/wp\/v2\/product_cat?post=10224"},{"taxonomy":"product_tag","embeddable":true,"href":"https:\/\/tehnikabacko.rs\/index.php\/wp-json\/wp\/v2\/product_tag?post=10224"}],"curies":[{"name":"wp","href":"https:\/\/api.w.org\/{rel}","templated":true}]}}