{"id":10218,"date":"2023-11-11T10:16:12","date_gmt":"2023-11-11T10:16:12","guid":{"rendered":"https:\/\/tehnikabacko.rs\/?post_type=product&#038;p=10218"},"modified":"2023-11-11T10:16:12","modified_gmt":"2023-11-11T10:16:12","slug":"pistolj-za-vreli-vazduh-vln-200","status":"publish","type":"product","link":"https:\/\/tehnikabacko.rs\/index.php\/product\/pistolj-za-vreli-vazduh-vln-200\/","title":{"rendered":"Pi\u0161tolj za vreli vazduh VLN 200"},"content":{"rendered":"<table class=\"table product-attrbite-table\">\n<thead>\n<tr>\n<th>Karakteristika<\/th>\n<th>Vrednost<\/th>\n<\/tr>\n<\/thead>\n<tbody>\n<tr>\n<td>Kategorija<\/td>\n<td><a title=\"Pi\u0161tolji za zagrevanje\" href=\"https:\/\/www.agromarket.rs\/pistolji-za-zagrevanje\">Pi\u0161tolji za zagrevanje<\/a><\/td>\n<\/tr>\n<tr class=\"attr-table-product-weight\">\n<td>Te\u017eina pakovanja<\/td>\n<td>1.54 kg<\/td>\n<\/tr>\n<tr class=\"attr-brend\">\n<td>Brend<\/td>\n<td><a title=\"Villager\" href=\"https:\/\/www.agromarket.rs\/proizvodi\/brend-villager\">Villager<\/a><\/td>\n<\/tr>\n<tr class=\"attr-tip-elektromotora\">\n<td>Tip elektromotora<\/td>\n<td>Kolektorski<\/td>\n<\/tr>\n<tr class=\"attr-napon\">\n<td>Napon<\/td>\n<td>230 V ~ 50 Hz<\/td>\n<\/tr>\n<tr class=\"attr-prikljucna-snaga\">\n<td>Priklju\u010dna snaga<\/td>\n<td>1800 W<\/td>\n<\/tr>\n<tr class=\"attr-broj-rezima-rada\">\n<td>Broj re\u017eima rada<\/td>\n<td>3<\/td>\n<\/tr>\n<tr class=\"attr-protok-vazduha-elektricni-alat\">\n<td>Protok vazduha &#8211; elektri\u010dni alat<\/td>\n<td>150 \/ 300 \/ 500 l\/min.<\/td>\n<\/tr>\n<tr class=\"attr-temperatura\">\n<td>Temperatura<\/td>\n<td>380 &#8211; 580\u00b0C<\/td>\n<\/tr>\n<\/tbody>\n<\/table>\n","protected":false},"excerpt":{"rendered":"<p>Karakteristika Vrednost Kategorija Pi\u0161tolji za zagrevanje Te\u017eina pakovanja 1.54 kg Brend Villager Tip elektromotora Kolektorski Napon 230 V ~ 50 Hz Priklju\u010dna snaga 1800 W Broj re\u017eima rada 3 Protok vazduha &#8211; elektri\u010dni alat 150 \/ 300 \/ 500 l\/min. Temperatura 380 &#8211; 580\u00b0C<\/p>\n","protected":false},"featured_media":10208,"comment_status":"open","ping_status":"closed","template":"","meta":{"inline_featured_image":false},"product_brand":[],"product_cat":[148,150,257],"product_tag":[],"class_list":{"0":"post-10218","1":"product","2":"type-product","3":"status-publish","4":"has-post-thumbnail","6":"product_cat-alati","7":"product_cat-rucni-alati","8":"product_cat-villager","10":"first","11":"instock","12":"shipping-taxable","13":"purchasable","14":"product-type-simple"},"_links":{"self":[{"href":"https:\/\/tehnikabacko.rs\/index.php\/wp-json\/wp\/v2\/product\/10218","targetHints":{"allow":["GET"]}}],"collection":[{"href":"https:\/\/tehnikabacko.rs\/index.php\/wp-json\/wp\/v2\/product"}],"about":[{"href":"https:\/\/tehnikabacko.rs\/index.php\/wp-json\/wp\/v2\/types\/product"}],"replies":[{"embeddable":true,"href":"https:\/\/tehnikabacko.rs\/index.php\/wp-json\/wp\/v2\/comments?post=10218"}],"wp:featuredmedia":[{"embeddable":true,"href":"https:\/\/tehnikabacko.rs\/index.php\/wp-json\/wp\/v2\/media\/10208"}],"wp:attachment":[{"href":"https:\/\/tehnikabacko.rs\/index.php\/wp-json\/wp\/v2\/media?parent=10218"}],"wp:term":[{"taxonomy":"product_brand","embeddable":true,"href":"https:\/\/tehnikabacko.rs\/index.php\/wp-json\/wp\/v2\/product_brand?post=10218"},{"taxonomy":"product_cat","embeddable":true,"href":"https:\/\/tehnikabacko.rs\/index.php\/wp-json\/wp\/v2\/product_cat?post=10218"},{"taxonomy":"product_tag","embeddable":true,"href":"https:\/\/tehnikabacko.rs\/index.php\/wp-json\/wp\/v2\/product_tag?post=10218"}],"curies":[{"name":"wp","href":"https:\/\/api.w.org\/{rel}","templated":true}]}}