{"id":10193,"date":"2023-10-10T13:52:43","date_gmt":"2023-10-10T13:52:43","guid":{"rendered":"https:\/\/tehnikabacko.rs\/?post_type=product&#038;p=10193"},"modified":"2023-10-10T13:52:43","modified_gmt":"2023-10-10T13:52:43","slug":"set-soljica-br-361","status":"publish","type":"product","link":"https:\/\/tehnikabacko.rs\/index.php\/product\/set-soljica-br-361\/","title":{"rendered":"Set \u0161oljica BR-361"},"content":{"rendered":"<p>\u0160oljice za kafu BR-361-\u00a0Uz na\u0161u bogatu ponudu \u0161oljica za kafu, svako jutro i popodne postaje pravo u\u017eivanje. Idealne za svakodnevnu upotrrebu ili\u00a0kao poklon kojim \u0107ete obradovati svoju dragu osobu. Moderne \u0161oljice koje prakti\u010dno postaju neizostavan artikal svakog doma\u0107instva.<\/p>\n","protected":false},"excerpt":{"rendered":"<p>\u0160oljice za kafu BR-361-\u00a0Uz na\u0161u bogatu ponudu \u0161oljica za kafu, svako jutro i popodne postaje pravo u\u017eivanje. Idealne za svakodnevnu upotrrebu ili\u00a0kao poklon kojim \u0107ete obradovati svoju dragu osobu. Moderne \u0161oljice koje prakti\u010dno postaju neizostavan artikal svakog doma\u0107instva.<\/p>\n","protected":false},"featured_media":10181,"comment_status":"open","ping_status":"closed","template":"","meta":{"inline_featured_image":false},"product_brand":[],"product_cat":[327,330],"product_tag":[],"class_list":{"0":"post-10193","1":"product","2":"type-product","3":"status-publish","4":"has-post-thumbnail","6":"product_cat-posudje","7":"product_cat-solje","9":"first","10":"instock","11":"shipping-taxable","12":"purchasable","13":"product-type-simple"},"_links":{"self":[{"href":"https:\/\/tehnikabacko.rs\/index.php\/wp-json\/wp\/v2\/product\/10193","targetHints":{"allow":["GET"]}}],"collection":[{"href":"https:\/\/tehnikabacko.rs\/index.php\/wp-json\/wp\/v2\/product"}],"about":[{"href":"https:\/\/tehnikabacko.rs\/index.php\/wp-json\/wp\/v2\/types\/product"}],"replies":[{"embeddable":true,"href":"https:\/\/tehnikabacko.rs\/index.php\/wp-json\/wp\/v2\/comments?post=10193"}],"wp:featuredmedia":[{"embeddable":true,"href":"https:\/\/tehnikabacko.rs\/index.php\/wp-json\/wp\/v2\/media\/10181"}],"wp:attachment":[{"href":"https:\/\/tehnikabacko.rs\/index.php\/wp-json\/wp\/v2\/media?parent=10193"}],"wp:term":[{"taxonomy":"product_brand","embeddable":true,"href":"https:\/\/tehnikabacko.rs\/index.php\/wp-json\/wp\/v2\/product_brand?post=10193"},{"taxonomy":"product_cat","embeddable":true,"href":"https:\/\/tehnikabacko.rs\/index.php\/wp-json\/wp\/v2\/product_cat?post=10193"},{"taxonomy":"product_tag","embeddable":true,"href":"https:\/\/tehnikabacko.rs\/index.php\/wp-json\/wp\/v2\/product_tag?post=10193"}],"curies":[{"name":"wp","href":"https:\/\/api.w.org\/{rel}","templated":true}]}}