{"id":10146,"date":"2022-12-16T16:54:06","date_gmt":"2022-12-16T16:54:06","guid":{"rendered":"https:\/\/tehnikabacko.rs\/?post_type=product&#038;p=10146"},"modified":"2025-05-31T12:26:22","modified_gmt":"2025-05-31T12:26:22","slug":"agregat-za-struju-agm-agp-2300s-4800w","status":"publish","type":"product","link":"https:\/\/tehnikabacko.rs\/index.php\/product\/agregat-za-struju-agm-agp-2300s-4800w\/","title":{"rendered":"Agregat za struju AGM AGP 2300S , 4800W"},"content":{"rendered":"<div><span style=\"font-size: medium\"><b>AGP 2300S\u00a0<\/b><\/span>AGM\u00a0<b>osobine i prednosti:<\/b><\/div>\n<div>\n<ul>\n<li>Tip motora: \u010detvorotaktni, vazdu\u0161no hla\u0111eni<\/li>\n<\/ul>\n<\/div>\n<div><span style=\"font-size: medium\"><b>\u00a0<\/b><\/span><\/div>\n<div><span style=\"font-size: medium\"><b>Karakteristike:<\/b><\/span><\/div>\n<div>\n<div>\n<ul>\n<li>\n<div>Zapremina motora: 196 cm3<\/div>\n<\/li>\n<li>\n<div>Snaga motora: 4.8 kW (3600 rpm)<\/div>\n<\/li>\n<li>\n<div>Nominalna snaga kW \/ kVA: 2 kW<\/div>\n<\/li>\n<li>\n<div>Maksimalna snaga kW \/ kVA: 2.2 kW<\/div>\n<\/li>\n<li>\n<div>Nominalni napon: 230 V<\/div>\n<\/li>\n<li>\n<div>Rezervoar: 15 l<\/div>\n<\/li>\n<li>\n<div>Te\u017eina: 30 kg<\/div>\n<\/li>\n<\/ul>\n<\/div>\n<\/div>\n<div><\/div>\n","protected":false},"excerpt":{"rendered":"<p>GM\u00a0agregat za struju AGP 2300S, 4800W &#8211;\u00a0Tip motora: \u010detvorotaktni, vazdu\u0161no hla\u0111eni &#8211;\u00a0Snaga motora: 4.8 kW (3600 rpm) &#8211; AGM AGP 2300S<\/p>\n","protected":false},"featured_media":0,"comment_status":"open","ping_status":"closed","template":"","meta":{"inline_featured_image":false},"product_brand":[],"product_cat":[263],"product_tag":[],"class_list":{"0":"post-10146","1":"product","2":"type-product","3":"status-publish","5":"product_cat-agregati","7":"first","8":"instock","9":"shipping-taxable","10":"purchasable","11":"product-type-simple"},"_links":{"self":[{"href":"https:\/\/tehnikabacko.rs\/index.php\/wp-json\/wp\/v2\/product\/10146","targetHints":{"allow":["GET"]}}],"collection":[{"href":"https:\/\/tehnikabacko.rs\/index.php\/wp-json\/wp\/v2\/product"}],"about":[{"href":"https:\/\/tehnikabacko.rs\/index.php\/wp-json\/wp\/v2\/types\/product"}],"replies":[{"embeddable":true,"href":"https:\/\/tehnikabacko.rs\/index.php\/wp-json\/wp\/v2\/comments?post=10146"}],"wp:attachment":[{"href":"https:\/\/tehnikabacko.rs\/index.php\/wp-json\/wp\/v2\/media?parent=10146"}],"wp:term":[{"taxonomy":"product_brand","embeddable":true,"href":"https:\/\/tehnikabacko.rs\/index.php\/wp-json\/wp\/v2\/product_brand?post=10146"},{"taxonomy":"product_cat","embeddable":true,"href":"https:\/\/tehnikabacko.rs\/index.php\/wp-json\/wp\/v2\/product_cat?post=10146"},{"taxonomy":"product_tag","embeddable":true,"href":"https:\/\/tehnikabacko.rs\/index.php\/wp-json\/wp\/v2\/product_tag?post=10146"}],"curies":[{"name":"wp","href":"https:\/\/api.w.org\/{rel}","templated":true}]}}