{"id":10137,"date":"2022-12-16T16:25:05","date_gmt":"2022-12-16T16:25:05","guid":{"rendered":"https:\/\/tehnikabacko.rs\/?post_type=product&#038;p=10137"},"modified":"2022-12-16T16:25:05","modified_gmt":"2022-12-16T16:25:05","slug":"top-za-grejanje-na-mazut-ide-20-d-trotec","status":"publish","type":"product","link":"https:\/\/tehnikabacko.rs\/index.php\/product\/top-za-grejanje-na-mazut-ide-20-d-trotec\/","title":{"rendered":"Top za grejanje na mazut \u2013 IDE 20 D Trotec"},"content":{"rendered":"<p id=\"tw-target-rmn\" class=\"tw-data-text tw-text-small tw-ta\" dir=\"ltr\"><span class=\"Y2IQFc\">\u00a0<strong>IDE 20 D Trotec\u00a0<\/strong>je ure\u0111aj za grejanje koji ima \u0161irok spektar primene u grejanju.<\/span><\/p>\n<p id=\"tw-target-rmn\" class=\"tw-data-text tw-text-small tw-ta\" dir=\"ltr\"><span class=\"Y2IQFc\">Top za grejanje na ulje\u00a0<strong>IDE 20 D<\/strong>\u00a0ima kuc\u0301i\u0161te koje je dvostruko oblo\u017eeno za spolja\u0161nje grejanje. Integrisan termostat omogu\u0107ava da se automatski koristiti za grejanje i su\u0161enje gradili\u0161ta, u poljoprivrednim sektorima ili dobro provetrenim skladi\u0161tima. Nivo rezervoara za gorivo mo\u017ee se proveriti u bilo kom trenutku preko standardne indikacije nivoa te\u010dnosti. Opciono dostupan dodatak je eksterni termostat, koji mo\u017ee da meri temperaturu na mestima koja se nalaze do 25 metara od topa za grejanje.<\/span><\/p>\n<p id=\"tw-target-rmn\" class=\"tw-data-text tw-text-small tw-ta\" dir=\"ltr\"><span class=\"Y2IQFc\"><strong>IDE<\/strong>\u00a0direktni greja\u010di na ulje obezbe\u0111uju 100% snagu grejanja za spolja\u0161nje prostore. Direktni greja\u010di nemaju dimnjak i zato daju efikasnost grejanja od 100%. U sistemu sa direktnim grejanjem ventilator koji izduvava zagrejani vazduh dovodi i vazduh za sagorevanje. Gorivo se raspr\u0161uje, pali i sagoreva u komori za sagorevanje.\u00a0 Vruc\u0301i gasovi me\u0161aju se sa glavnom strujom vazduha ventilatora u ta\u010dnim proporcijama. Pored toplote, direktni greja\u010di emituju i gasove sagorevanja direktno u prostoriju. Iz tog razloga nisu pogodni za slabo provetrene, zatvorene prostorije koje koriste ljudi ili \u017eivotinje. Po\u0161to se tokom sagorevanja osloba\u0111a mnogo vlage, direktni greja\u010di nikada ne bi trebalo da se koriste za su\u0161enje gra\u0111evina.<\/span><\/p>\n","protected":false},"excerpt":{"rendered":"<table class=\"technical-data\" width=\"492\">\n<tbody>\n<tr>\n<td>\n<p class=\"tw-data-text tw-text-small tw-ta\" dir=\"ltr\"><span class=\"Y2IQFc\">Brzina protoka vazduha\u00a0<\/span><span class=\"Y2IQFc\">Maks. [m\u00b3\/h]<\/span><\/p>\n<\/td>\n<td>550<\/td>\n<\/tr>\n<tr>\n<td>\n<p class=\"tw-data-text tw-text-small tw-ta\" dir=\"ltr\"><span class=\"Y2IQFc\">Nominalni unos toplote\u00a0<\/span>Maks. [kW]<\/p>\n<\/td>\n<td>20<\/td>\n<\/tr>\n<tr>\n<td>\n<p id=\"tw-target-rmn\" class=\"tw-data-text tw-text-small tw-ta\" dir=\"ltr\"><span class=\"Y2IQFc\">Nominalna toplotna snaga\u00a0Maks. [kW]<\/span><\/p>\n<\/td>\n<td>20<\/td>\n<\/tr>\n<tr>\n<td>\n<p class=\"tw-data-text tw-text-small tw-ta\" dir=\"ltr\"><span class=\"Y2IQFc\">Povec\u0301anje temperature\u00a0<\/span><span class=\"Y2IQFc\">Maks. [\u00b0C]<\/span><\/p>\n<\/td>\n<td>140<\/td>\n<\/tr>\n<tr>\n<td>\n<p id=\"tw-target-rmn\" class=\"tw-data-text tw-text-small tw-ta\" dir=\"ltr\"><span class=\"Y2IQFc\">Mre\u017eni priklju\u010dak<\/span><\/p>\n<\/td>\n<td>\n<p id=\"tw-target-rmn\" class=\"tw-data-text tw-text-small tw-ta\" dir=\"ltr\"><span class=\"Y2IQFc\">230 V\/50 Hz<\/span><\/p>\n<\/td>\n<\/tr>\n<tr>\n<td>\n<p id=\"tw-target-rmn\" class=\"tw-data-text tw-text-small tw-ta\" dir=\"ltr\"><span class=\"Y2IQFc\">Potro\u0161nja struje [A]<\/span><\/p>\n<\/td>\n<td>0.71<\/td>\n<\/tr>\n<tr>\n<td>\n<p id=\"tw-target-rmn\" class=\"tw-data-text tw-text-small tw-ta\" dir=\"ltr\"><span class=\"Y2IQFc\">Ulazna snaga [kW]<\/span><\/p>\n<\/td>\n<td>0.23<\/td>\n<\/tr>\n<tr>\n<td>\n<p id=\"tw-target-rmn\" class=\"tw-data-text tw-text-small tw-ta\" dir=\"ltr\"><span class=\"Y2IQFc\">Kapacitet grejanja [kW]<\/span><\/p>\n<\/td>\n<td>20<\/td>\n<\/tr>\n<tr>\n<td>\n<p id=\"tw-target-rmn\" class=\"tw-data-text tw-text-small tw-ta\" dir=\"ltr\"><span class=\"Y2IQFc\">Du\u017eina kabla [m]<\/span><\/p>\n<\/td>\n<td>\n<p id=\"tw-target-rmn\" class=\"tw-data-text tw-text-small tw-ta\" dir=\"ltr\">1.2<\/p>\n<\/td>\n<\/tr>\n<tr>\n<td>\n<p class=\"tw-data-text tw-text-small tw-ta\" dir=\"ltr\"><span class=\"Y2IQFc\">Potro\u0161nja ulja\u00a0<\/span><span class=\"Y2IQFc\">Maks. [l\/h]<\/span><\/p>\n<\/td>\n<td>1.9<\/td>\n<\/tr>\n<tr>\n<td>\n<p class=\"tw-data-text tw-text-small tw-ta\" dir=\"ltr\"><span class=\"Y2IQFc\">\u00a0Rezervoar s<\/span><span class=\"Y2IQFc\">adr\u017eaj u [l]<\/span><\/p>\n<\/td>\n<td>12<\/td>\n<\/tr>\n<tr>\n<td>\n<p id=\"tw-target-rmn\" class=\"tw-data-text tw-text-small tw-ta\" dir=\"ltr\"><span class=\"Y2IQFc\">Pre\u010dnik priklju\u010dak na dimnjak [mm]<\/span><\/p>\n<\/td>\n<td>nema<\/td>\n<\/tr>\n<tr>\n<td>Nivo buke udaljenost 1 m [dB(A)]<\/td>\n<td>76<\/td>\n<\/tr>\n<tr>\n<td>Dimenzije (pakovanje nije uklju\u010deno) Dx\u0160xV mm<\/td>\n<td>650x295x395<\/td>\n<\/tr>\n<tr>\n<td>Te\u017eina (pakovanje nije uklju\u010deno)<\/td>\n<td>10 kg<\/td>\n<\/tr>\n<\/tbody>\n<\/table>\n","protected":false},"featured_media":10138,"comment_status":"open","ping_status":"closed","template":"","meta":{"inline_featured_image":false},"product_brand":[],"product_cat":[15],"product_tag":[],"class_list":{"0":"post-10137","1":"product","2":"type-product","3":"status-publish","4":"has-post-thumbnail","6":"product_cat-uncategorized","8":"first","9":"instock","10":"shipping-taxable","11":"purchasable","12":"product-type-simple"},"_links":{"self":[{"href":"https:\/\/tehnikabacko.rs\/index.php\/wp-json\/wp\/v2\/product\/10137","targetHints":{"allow":["GET"]}}],"collection":[{"href":"https:\/\/tehnikabacko.rs\/index.php\/wp-json\/wp\/v2\/product"}],"about":[{"href":"https:\/\/tehnikabacko.rs\/index.php\/wp-json\/wp\/v2\/types\/product"}],"replies":[{"embeddable":true,"href":"https:\/\/tehnikabacko.rs\/index.php\/wp-json\/wp\/v2\/comments?post=10137"}],"wp:featuredmedia":[{"embeddable":true,"href":"https:\/\/tehnikabacko.rs\/index.php\/wp-json\/wp\/v2\/media\/10138"}],"wp:attachment":[{"href":"https:\/\/tehnikabacko.rs\/index.php\/wp-json\/wp\/v2\/media?parent=10137"}],"wp:term":[{"taxonomy":"product_brand","embeddable":true,"href":"https:\/\/tehnikabacko.rs\/index.php\/wp-json\/wp\/v2\/product_brand?post=10137"},{"taxonomy":"product_cat","embeddable":true,"href":"https:\/\/tehnikabacko.rs\/index.php\/wp-json\/wp\/v2\/product_cat?post=10137"},{"taxonomy":"product_tag","embeddable":true,"href":"https:\/\/tehnikabacko.rs\/index.php\/wp-json\/wp\/v2\/product_tag?post=10137"}],"curies":[{"name":"wp","href":"https:\/\/api.w.org\/{rel}","templated":true}]}}