{"id":10112,"date":"2022-11-21T16:36:35","date_gmt":"2022-11-21T16:36:35","guid":{"rendered":"https:\/\/tehnikabacko.rs\/?post_type=product&#038;p=10112"},"modified":"2022-11-21T16:36:35","modified_gmt":"2022-11-21T16:36:35","slug":"stiga-akumulatorski-duvac-lisca-bl-100e-kit-sa-punjacem-i-baterijom","status":"publish","type":"product","link":"https:\/\/tehnikabacko.rs\/index.php\/product\/stiga-akumulatorski-duvac-lisca-bl-100e-kit-sa-punjacem-i-baterijom\/","title":{"rendered":"Stiga akumulatorski duva\u010d li\u0161\u0107a BL 100e Kit (sa punja\u010dem i baterijom)"},"content":{"rendered":"<p class=\"description\">Snaga: 0.28 kW<br \/>\nNapon baterije: 20 V<br \/>\nKapacitet baterije: 4 Ah<br \/>\nTip pogona: ru\u010dno<br \/>\nProse\u010dna zapremina vazduha: 9,0 m\u00b3\/min<br \/>\nMaksimalna brzina: 32 m\/s<br \/>\nTe\u017eina: 2,70 kg<\/p>\n<p class=\"note\">Isporu\u010duje se sa baterijom i punja\u010dem<\/p>\n","protected":false},"excerpt":{"rendered":"<p>Akumulatorski duva\u010d li\u0161\u0107a BL 100e Kit (sa punja\u010dem i baterijom) Stiga<\/p>\n<p>Sa baterijom od 20V 4Ah, ovaj be\u017ei\u010dni ba\u0161tenski duva\u010d stvara brzinu vazduha koja vam je potrebna da lako o\u010distite li\u0161c\u0301e i ostatke<br \/>\nJedno punjenje vam daje vreme rada od 40 minuta pri normalnoj brzini i 20 minuta pri poja\u010danoj brzini<br \/>\nA po\u0161to se napaja baterijama, ne morate da brinete o provla\u010denju kablova ili punjenju gorivom, kao \u0161to biste radili sa benzinskim duva\u010dem li\u0161c\u0301a<br \/>\nSa te\u017einom od samo 2,1 kg, BL 100e Kit (sa baterijom od 4,0 Ah) je osve\u017eavajuc\u0301e lagan<br \/>\nKompaktan polo\u017eaj baterije odr\u017eava ure\u0111aj optimalno izbalansiranim, a ergonomska ru\u010dka mekog rukohvata je odli\u010dna<br \/>\nBez obzira da li \u010distite li\u0161c\u0301e ili tvrdokornije ostatke, promenljiva brzina duva\u010da osigurava da je vi\u0161e nego dorastao poslu<br \/>\nMotor stvara sna\u017enu brzinu vazduha od 32m\/s, lako uklanja li\u0161c\u0301e i ostatke<br \/>\n\u0160ta god da je zadatak, njegova efikasna re\u0161etka za ventilaciju usisnog vazduha odr\u017eava protok vazduha i va\u0161 duva\u010d za ba\u0161tensko li\u0161c\u0301e radi savr\u0161eno<br \/>\nZatim, kada je sve \u010disto i uredno, dugme za brzo otpu\u0161tanje odvaja cev za skladi\u0161tenje koje \u0161tedi prostor<\/p>\n","protected":false},"featured_media":10113,"comment_status":"open","ping_status":"closed","template":"","meta":{"inline_featured_image":false},"product_brand":[],"product_cat":[311],"product_tag":[],"class_list":{"0":"post-10112","1":"product","2":"type-product","3":"status-publish","4":"has-post-thumbnail","6":"product_cat-duvaci-za-lisce","8":"first","9":"instock","10":"shipping-taxable","11":"purchasable","12":"product-type-simple"},"_links":{"self":[{"href":"https:\/\/tehnikabacko.rs\/index.php\/wp-json\/wp\/v2\/product\/10112","targetHints":{"allow":["GET"]}}],"collection":[{"href":"https:\/\/tehnikabacko.rs\/index.php\/wp-json\/wp\/v2\/product"}],"about":[{"href":"https:\/\/tehnikabacko.rs\/index.php\/wp-json\/wp\/v2\/types\/product"}],"replies":[{"embeddable":true,"href":"https:\/\/tehnikabacko.rs\/index.php\/wp-json\/wp\/v2\/comments?post=10112"}],"wp:featuredmedia":[{"embeddable":true,"href":"https:\/\/tehnikabacko.rs\/index.php\/wp-json\/wp\/v2\/media\/10113"}],"wp:attachment":[{"href":"https:\/\/tehnikabacko.rs\/index.php\/wp-json\/wp\/v2\/media?parent=10112"}],"wp:term":[{"taxonomy":"product_brand","embeddable":true,"href":"https:\/\/tehnikabacko.rs\/index.php\/wp-json\/wp\/v2\/product_brand?post=10112"},{"taxonomy":"product_cat","embeddable":true,"href":"https:\/\/tehnikabacko.rs\/index.php\/wp-json\/wp\/v2\/product_cat?post=10112"},{"taxonomy":"product_tag","embeddable":true,"href":"https:\/\/tehnikabacko.rs\/index.php\/wp-json\/wp\/v2\/product_tag?post=10112"}],"curies":[{"name":"wp","href":"https:\/\/api.w.org\/{rel}","templated":true}]}}