{"id":10087,"date":"2022-11-21T16:03:21","date_gmt":"2022-11-21T16:03:21","guid":{"rendered":"https:\/\/tehnikabacko.rs\/?post_type=product&#038;p=10087"},"modified":"2026-02-28T08:14:00","modified_gmt":"2026-02-28T08:14:00","slug":"kosilica-s-combi-53-sq-stiga","status":"publish","type":"product","link":"https:\/\/tehnikabacko.rs\/index.php\/product\/kosilica-s-combi-53-sq-stiga\/","title":{"rendered":"KOSILICA S COMBI 53 SQ STIGA"},"content":{"rendered":"<h1>KOSILICA S COMBI 53 SQ STIGA ST 170 OHV<\/h1>\n<div class=\"product--variation-field--variation_sku__20543 commerce-product-variation-default-full__sku\">\n<div class=\"commerce-product-variation-default-full__sku-label\">\u0160ifra<\/div>\n<div class=\"commerce-product-variation-default-full__sku-item\">9504<\/div>\n<\/div>\n<div class=\"commerce-product-default-full__field-manufacturer\">\n<div class=\"commerce-product-default-full__field-manufacturer-label\">Manufacturer<\/div>\n<div class=\"commerce-product-default-full__field-manufacturer-item\"><a href=\"https:\/\/intercom-su.co.rs\/stiga\">Stiga<\/a><\/div>\n<\/div>\n<div class=\"product--variation-field--variation_field_kataloski_broj__20543\"><\/div>\n<div class=\"product--variation-field--variation_field_karakteristike__20543 commerce-product-variation-default-full__field-karakteristike\">\n<div class=\"commerce-product-variation-default-full__field-karakteristike-item\">\n<p>MOTOR ST 170 OHV AUTOCH<br \/>\nZAPREMINA 166m3<br \/>\nSNAGA 2,51 KW<br \/>\nMUL\u010cIRANJE,BO\u010cNO IZBACIVANJE, SAKUPLJANJE,ZADNJE IZBACIVANJE<br \/>\n\u0160IRINA OTKOSA 51CM<br \/>\nKU\u0106I\u0160TE \u010cELIK<br \/>\nPODE\u0160AVANJE VISINE CENTRALIZOVANO<br \/>\nPOGON SAMOHODNA<br \/>\nRADNA POVR\u0160INA DO 1800m2<\/p>\n<\/div>\n<\/div>\n","protected":false},"excerpt":{"rendered":"<h3 class=\"commerce-product-default-full__section-title\">D\u0435talji proizvoda<\/h3>\n<div class=\"commerce-product-default-full__body\">\n<div class=\"commerce-product-default-full__body-item\">\n<p>Samohodna kosilica za travu STIGA Combi 53 SQ ima \u0161irinu otkosa 51 cm i hibridni skuplja\u010d trave od 60 cm sa indikatorom napunjenosti. \u010celi\u010dna \u0161asija poseduje pouzdan STIGA motor od 166 ccm sa izlaznom snagom od 2,60 kW @ 2900 o \/ min. Combi 53 SQ omogu\u0107ava izbor izme\u0111u \u010detiri razli\u010dite funkcijeko\u0161enja: zadnje pra\u017enjenje, stransko pra\u017enjenje, sakupljanje ili usitnjavanje. Centralizirana visina ko\u0161enja se lako pode\u0161ava na 5 polo\u017eaja u rasponu od 27 do 90 mm. Veliki to\u010dkovu poma\u017eu u manevrisanju na neravnom terenu.<\/p>\n<\/div>\n<\/div>\n<div class=\"product--variation-field--variation_list_price__20543\"><\/div>\n<div class=\"product--variation-field--variation_field_snaga__20543\"><\/div>\n<div class=\"product--variation-field--variation_field_sifra_proizvodaca__20543\"><\/div>\n<div class=\"product--variation-field--variation_field_odgovara_za_modele__20543\"><\/div>\n<div class=\"product--variation-field--variation_field_tip__20543\"><\/div>\n<div class=\"product--variation-field--variation_field_specifikacija__20543\"><\/div>\n<div class=\"product--variation-field--variation_field_product_model__20543\"><\/div>\n<div class=\"product--variation-field--variation_field_motor_tip__20543 commerce-product-variation-default-full__field-motor-tip\">\n<div class=\"commerce-product-variation-default-full__field-motor-tip-label\">Motor<\/div>\n<div class=\"commerce-product-variation-default-full__field-motor-tip-item\">ST 170 OHV AUTOCH<\/div>\n<\/div>\n<div>\n<div class=\"taxonomy-term-manufacturers-declaration__field-importer\">\n<div class=\"taxonomy-term-manufacturers-declaration__field-importer-label\">Uvoznik<\/div>\n<div class=\"taxonomy-term-manufacturers-declaration__field-importer-item\">Agromarket<\/div>\n<\/div>\n<div class=\"taxonomy-term-manufacturers-declaration__field-country-of-origin\">\n<div class=\"taxonomy-term-manufacturers-declaration__field-country-of-origin-label\">Zemlja porekla<\/div>\n<div class=\"taxonomy-term-manufacturers-declaration__field-country-of-origin-item\">Slova\u010dka<\/div>\n<\/div>\n<\/div>\n","protected":false},"featured_media":10088,"comment_status":"open","ping_status":"closed","template":"","meta":{"inline_featured_image":false},"product_brand":[],"product_cat":[244,272],"product_tag":[],"class_list":{"0":"post-10087","1":"product","2":"type-product","3":"status-publish","4":"has-post-thumbnail","6":"product_cat-kosacice","7":"product_cat-motorna-kosilica","9":"first","10":"instock","11":"sale","12":"shipping-taxable","13":"purchasable","14":"product-type-simple"},"_links":{"self":[{"href":"https:\/\/tehnikabacko.rs\/index.php\/wp-json\/wp\/v2\/product\/10087","targetHints":{"allow":["GET"]}}],"collection":[{"href":"https:\/\/tehnikabacko.rs\/index.php\/wp-json\/wp\/v2\/product"}],"about":[{"href":"https:\/\/tehnikabacko.rs\/index.php\/wp-json\/wp\/v2\/types\/product"}],"replies":[{"embeddable":true,"href":"https:\/\/tehnikabacko.rs\/index.php\/wp-json\/wp\/v2\/comments?post=10087"}],"wp:featuredmedia":[{"embeddable":true,"href":"https:\/\/tehnikabacko.rs\/index.php\/wp-json\/wp\/v2\/media\/10088"}],"wp:attachment":[{"href":"https:\/\/tehnikabacko.rs\/index.php\/wp-json\/wp\/v2\/media?parent=10087"}],"wp:term":[{"taxonomy":"product_brand","embeddable":true,"href":"https:\/\/tehnikabacko.rs\/index.php\/wp-json\/wp\/v2\/product_brand?post=10087"},{"taxonomy":"product_cat","embeddable":true,"href":"https:\/\/tehnikabacko.rs\/index.php\/wp-json\/wp\/v2\/product_cat?post=10087"},{"taxonomy":"product_tag","embeddable":true,"href":"https:\/\/tehnikabacko.rs\/index.php\/wp-json\/wp\/v2\/product_tag?post=10087"}],"curies":[{"name":"wp","href":"https:\/\/api.w.org\/{rel}","templated":true}]}}